18
Let d = -44 + 31. Let k = -8 - d. Suppose 0 = -0*u + k*u - 640. Calculate the highest common factor of 16 and u.
16
Let j(q) = 0*q + 56*q**2 - 3*q + 1 + q + 4*q. Let h be j(-1). What is the highest common factor of h and 22?
11
Suppose 5*l - 138 = -18. Suppose -l = -2*o - 0*o. What is the greatest common factor of 12 and o?
12
Suppose 25 = j - 0*j. Let c be (4 - 1)/3*-6. Let q be (2/c)/((-2)/60). Calculate the highest common factor of j and q.
5
Suppose 0 = 24*k - 17*k - 294. Calculate the highest common factor of k and 3.
3
Let w(l) = 2*l**2 + 3*l - 3. Let f be w(2). What is the highest common divisor of f and 44?
11
Let z(h) = h**3 - 11*h**2 - 4*h + 16. Let a be z(11). Let s(g) = 53*g - 1. Let t be s(1). Let m = a + t. Calculate the greatest common divisor of m and 168.
24
Let w(f) = f**2 - 2*f - 8. Let o be w(6). Let x = o - 6. Calculate the highest common factor of 15 and x.
5
Let r = 2 - 5. Let m be 5*r*2/(-10). Suppose 0 = -0*u - m*u + 42. Calculate the highest common factor of u and 42.
14
Let n be (12/5)/(-2 + 223/110). Let z be (2 - -2)/(-2) - -5. Suppose 4*p - 7*b + 3*b - 32 = 0, -z*b = -p + 2. Calculate the greatest common factor of n and p.
11
Let k be ((-6)/(-4))/(15/80). Suppose -4*x + 68 = r, -2*x + 2*r + 15 = -9. Calculate the greatest common divisor of x and k.
8
Suppose 5*w + 20 = 0, -17 = -3*k + 5*w + 6. Suppose k + 2 = s. Suppose 2*m = s + 5. What is the greatest common factor of 36 and m?
4
Let l = 85 - -107. Suppose 10*q - l = 4*q. What is the greatest common divisor of q and 4?
4
Let f(i) = i**2 - i + 16. Let h be f(0). Let p be ((-99)/2)/(1/2). Let j be p/(-12) + (-1)/4. What is the greatest common factor of j and h?
8
Let k be ((-4)/(-10))/(4/60). Calculate the greatest common factor of k and 36.
6
Suppose 0 = 2*c - 4*m - 3 - 15, 2*m - 2 = 0. Let r = 86 - 53. What is the greatest common factor of r and c?
11
Let w = -20 - -23. What is the highest common factor of w and 27?
3
Suppose -3 = f + 2*g, 3*f - 5*g + 14 - 49 = 0. Suppose -3 - 12 = -f*r. Suppose 4*x = 16, s - r*x - 5 = -1. What is the greatest common divisor of 48 and s?
16
Suppose -4*h + 5*b + 145 = -h, -2*h - b = -75. What is the greatest common factor of 5 and h?
5
Suppose -15 + 6 = -3*k. Suppose -k*n + 5*y = 7, 40 = 3*n + 2*n + 2*y. Let z = -14 + 23. Calculate the greatest common divisor of z and n.
3
Let z(y) = -y**3 - 11*y**2 - 16*y - 14. Let m be z(-10). Suppose -2*d - s = 2*s - 8, 3*d - m = 4*s. Calculate the greatest common factor of d and 20.
10
Let y be (1 + -4)/(6/(-368)*2). What is the greatest common factor of 23 and y?
23
Let f(s) = 2*s**2 + 7*s - 1. Let d be f(-5). Calculate the highest common factor of 7 and d.
7
Suppose -3*f + 15 = 2*f. Suppose 0 = -f*i + i + 30. Calculate the greatest common factor of i and 6.
3
Suppose -4*v + 94 = -2*w, 5*v + 5*w - 100 - 10 = 0. Let t = v - 11. Calculate the greatest common factor of t and 12.
12
Suppose 0 = 2*n + 5*o - 67, -4*o + 3 + 9 = 0. Suppose 9 = -3*m + 48. What is the greatest common factor of m and n?
13
Let a(j) = j**3 + 8*j**2 - 3*j + 6. Let l be a(-8). Let n be 72 + (0 - 4) + 7. What is the highest common divisor of l and n?
15
Let w = -32 + 62. Suppose 7*r - 72 = r. What is the greatest common divisor of w and r?
6
Suppose 14 = v - 26. Let q(l) = 10*l**2 + l - 1. Let n be q(1). Calculate the greatest common factor of v and n.
10
Let g(k) = 4*k**2 + 3*k - 2 - k**3 + 2*k + k. Let a be g(5). What is the greatest common divisor of a and 21?
3
Let l(c) = -4*c**3 + c**2. Suppose -a = s - 2 - 0, 5*a - 15 = 0. Let p be l(s). Suppose p*y = -0*y + 50. Calculate the highest common divisor of y and 10.
10
Let p(v) = 25*v**2 - v. Let s(h) = -76*h**2 + 3*h. Let o(c) = 7*p(c) + 2*s(c). Let l be o(1). Calculate the greatest common factor of l and 154.
22
Suppose 65 = 4*a + 9. What is the highest common factor of 98 and a?
14
Let s be ((-12)/18)/((-2)/(-3)). Let v be s + 0 - (-3 - 8). Calculate the highest common factor of 10 and v.
10
Suppose -d = -4*d + 243. Let l be (-3)/21 + 64/7. Calculate the highest common factor of l and d.
9
Let k = 56 + -51. Let q be (-626)/(-14) + (-6)/(-21). What is the greatest common divisor of q and k?
5
Let k = -7 - -10. Suppose k*n - 4*o = 68, 5*n = 3*n + 4*o + 44. What is the greatest common factor of n and 12?
12
Let x be 2/4*(0 - -4). Let o be (-8)/(-12)*60/x. Calculate the highest common divisor of 5 and o.
5
Let l = 17 - 27. Let x be (-2)/l + (-258)/(-10). Calculate the greatest common divisor of 26 and x.
26
Suppose 3*b = -4*l + 139, 0*l - 3*l = b - 43. What is the greatest common divisor of 7 and b?
7
Let h(s) = 54*s**2 - s. Let m be h(-1). Suppose -41 = -4*n + m. Suppose 0 = 3*d - n. What is the greatest common factor of 88 and d?
8
Suppose h = -4*f, -f - f + h + 6 = 0. Let w(l) = 12*l**3 - 2*l**2 + l. Let g be w(f). Calculate the greatest common divisor of g and 121.
11
Suppose b - 2*b = -315. Let a be (b/5)/(1 - 0). What is the greatest common divisor of a and 7?
7
Suppose 0 = -2*a - 4*i + 1 + 3, 43 = 5*a - i. Let m = 1234 + -1232. Calculate the greatest common factor of a and m.
2
Let n(i) be the second derivative of -i**3/6 + 66*i**2 + 3*i. Let w be n(0). Calculate the highest common factor of 12 and w.
12
Let k = -69 - -103. What is the greatest common factor of k and 51?
17
Let c(f) = -9*f - 1. Let s be c(-1). Suppose 22 = -4*g + 2*b, 5*g - 2*b = 2*b - 32. Let i be 64 + 0/(g - -1). Calculate the highest common divisor of s and i.
8
Let l be -2 + (48 - (-2 + -2)). Calculate the highest common divisor of 10 and l.
10
Let d(s) = s**3 - 3*s**2 + 4. Let c be d(4). What is the greatest common factor of 80 and c?
20
Suppose 0 = 5*v - 3*o - 39, 0*v - 18 = -4*v - 2*o. What is the greatest common factor of v and 60?
6
Suppose -5*m = -6 - 19. Let q(g) = -g**3 - 3*g**2 + 2*g + 5. Let l be q(-5). Calculate the highest common factor of m and l.
5
Suppose -40 = -w + l, 0 = 4*w - 2*l + 3*l - 155. Calculate the greatest common divisor of 3 and w.
3
Let l(t) = -4 + 1 - 3*t + 1 + 4*t**2. Let m be l(-2). What is the greatest common divisor of m and 40?
20
Let p = -1 + 1. Suppose -2*n + p*n = -90. What is the greatest common factor of 15 and n?
15
Suppose -3*w + 378 = -414. Calculate the highest common factor of w and 24.
24
Suppose 5*u + 34 = 7*u. What is the highest common factor of u and 136?
17
Let u = -92 - -196. Suppose -3*q + 55 - 16 = 0. What is the greatest common factor of u and q?
13
Let w = 53 + -31. Calculate the highest common divisor of w and 242.
22
Suppose -13*s = -14*s + 23. What is the greatest common factor of s and 46?
23
Let k = 22 + -22. Suppose k*r = r - 1. Calculate the highest common factor of 8 and r.
1
Let l(z) = -5*z + 10. Let i be l(0). Calculate the greatest common factor of i and 30.
10
Suppose r = -3*t + 107, -43 - 30 = -2*t - r. What is the greatest common divisor of 68 and t?
34
Suppose 0 = y - 2, 0*a + 2*y + 2 = 3*a. Suppose a*q - 29 + 9 = 0. Suppose 20 = 2*h - 60. Calculate the greatest common factor of h and q.
10
Suppose -11*y + 5*y + 126 = 0. Calculate the highest common factor of 3 and y.
3
Suppose -2*d + 20 = 3*d. Suppose -2*o + 203 = 5*f, o + o + d*f - 202 = 0. Calculate the highest common divisor of 9 and o.
9
Let k be -2 + 1 - (-12)/2. Suppose -2 = k*v - 12. Suppose 4*b - 103 = 5*n, 0 = -4*n - 12. What is the greatest common factor of v and b?
2
Suppose -3 = -4*y - 3*m, 0 = 3*y - 2*m + 6*m + 3. Let z(v) = v + 1. Let k be z(y). Let s = -2 + 8. Calculate the greatest common divisor of s and k.
2
Let i be 1/1 - (-18 - 1). Suppose 5*f - f = i. Let l be ((-4)/f)/((-2)/35). Calculate the highest common factor of 154 and l.
14
Let t = 7 + -1. Let i = 15 - 13. Calculate the greatest common divisor of i and t.
2
Let q(d) = d**2 - 2*d + 6. Let a be q(3). Calculate the highest common divisor of 99 and a.
9
Let j be 6/(2 - 10/6). Let t = 32 - j. Calculate the greatest common divisor of 98 and t.
14
Let j be 1/(-2)*0 + 2. Suppose a + j*a = 3. Let k = -2 + 3. What is the highest common factor of a and k?
1
Let m be ((-36)/8)/((-6)/(-14))*-2. Calculate the greatest common divisor of m and 63.
21
Let p(o) = -5*o - 11. Suppose 2*f - k = -25, 5*k + 0*k - 65 = 4*f. Let d be p(f). Calculate the highest common divisor of d and 26.
13
Suppose 0 = 3*m + 5*u